-1581)/(-18))/(-17). Suppose -5*j + 4 = 9*b - y*b, -3*b - j + 3 = 0. What is d(b)?
-8
Let p = -15 - -16. Let c be (p + -3 - 0) + 25 + -2. Suppose 5*n + a = 2*n + c, -5*a + 15 = 0. Let l(y) = y**3 - 7*y**2 + 4*y - 7. Determine l(n).
-19
Let n = -71 - -35. Let c be 4/18 - (5 - (-280)/n). Let j(i) = -841*i**2 + i**c - 4*i**3 + 2*i + 843*i**2. What is j(2)?
-12
Let g(u) = -723277*u - 7 - 723284*u + 1446564*u. Suppose -5*d = 2*o + 3*o + 35, 3*d - 4*o - 7 = 0. Calculate g(d).
-16
Let t(o) = -o + 3. Let u = 231 - 861. Let y = 628 + u. Give t(y).
5
Let z(h) = h**3 + 8*h**2 + 11*h - 12. Let y(d) = 2*d**3 + 16*d**2 + 23*d - 25. Let c(a) = -4*y(a) + 9*z(a). Let x be 1*-13 + 660/110. Calculate c(x).
-8
Let o(z) be the third derivative of 0*z + 23*z**2 - 1/3*z**3 + 1/8*z**4 + 1/120*z**6 + 1/15*z**5 + 0. Calculate o(-3).
-2
Let k(c) = 39*c - 16. Let v(x) = -93*x + 39. Let h(p) = -12*k(p) - 5*v(p). Determine h(5).
-18
Let g(v) be the second derivative of 0 + 1/2*v**3 + 0*v**2 + 13*v. Give g(2).
6
Let z(w) = -w**2 - 6*w - 2. Let g(q) = 10*q. Suppose 8*a - 4*a + s - 7 = 0, 5*a - 11 = -2*s. Let m be g(a). Suppose -5*c + 35 = -m*c. Determine z(c).
-9
Let b(f) be the first derivative of -1/12*f**4 - 15 + 18*f + 1/3*f**3 - f**2. Let a(u) be the first derivative of b(u). Give a(2).
-2
Let d(k) = -2*k - 42. Let j = 403 - 417. Calculate d(j).
-14
Suppose -13 = -2*b - 3. Let y(c) = 2*c - 3. Let a(t) = t - 1. Let r(s) = -3*a(s) + y(s). Give r(b).
-5
Let m = -16 - -9. Let a(p) be the first derivative of p**5/120 + p**4/4 - 202*p**3/3 - 535. Let w(s) be the third derivative of a(s). Determine w(m).
-1
Let t(o) = o**2 + o + 1. Let q = 188 + -77. Let m = q - 113. What is t(m)?
3
Let m(o) be the third derivative of o**6/120 - 11*o**5/60 - 5*o**4/12 - 5*o**3/6 - 368*o**2 + 2. Calculate m(12).
19
Suppose -2*c - 1 - 1 = 0. Let y(p) = -44*p**3 - 22*p**2 - 22*p + 209. Let x(w) = 9*w**3 + 4*w**2 + 4*w - 38. Let g(o) = 11*x(o) + 2*y(o). What is g(c)?
-11
Let g(o) = 2*o - 2 + 0*o + 3266*o**2 - o**3 - 3266*o**2. Let s be ((-2)/5)/((-16)/80). Calculate g(s).
-6
Let a be (6 + -18)*(2/(-2))/3. Suppose 4*o = -2*c + 22, o + c - 9 = a*c. Let b be o*(-3 - -4)*-1 + -1. Let h(p) = -p**3 - 6*p**2 + 6*p + 3. What is h(b)?
10
Suppose -97*a - 4583 = -0*a - 121. Let w(u) = u**2 + 43*u - 130. Determine w(a).
8
Let j(p) be the third derivative of p**6/120 - 3*p**5/10 + 3*p**4/4 + 3*p**3/2 - 2*p**2 + 149*p. What is j(17)?
26
Suppose 0 = -59*v + 505 + 26. Let r(i) be the first derivative of -1/2*i**2 - i + v. Determine r(5).
-6
Let u(w) = 2*w - 11. Let z(r) = -r + 4. Let m(b) = 3*u(b) + 8*z(b). Let k be ((-30)/40 - (-7)/4)*0. Determine m(k).
-1
Suppose -3*h + 4*k + 21 = -30, h + 3 = -2*k. Let p(g) = -12*g + 89. Give p(h).
-19
Let n(q) be the first derivative of -q**4/4 - 17*q**3/3 - 24*q**2 + 9*q - 3805. What is n(-14)?
93
Let u(c) be the first derivative of -3*c**2/2 - 70*c - 1616. What is u(-25)?
5
Let n(p) be the second derivative of 61*p + 5/2*p**2 + 0 - 1/6*p**3. Determine n(6).
-1
Suppose 30*b - 3066 = 4674. Let g = 258 - b. Let r(o) = o. Give r(g).
0
Let s(i) be the second derivative of -i**5/10 - 11*i**4/4 - 5*i**3/2 + 19*i**2/2 + 5573*i. Give s(-16).
3
Let i(z) = z + 27. Let b(n) = -2*n - 37. Let p(j) = 2*b(j) + 3*i(j). Let s = -50 + 56. Determine p(s).
1
Let d(a) be the second derivative of a**3/2 + a**2 - 16*a. Suppose 14 = -5*x - 3*n, x + 3*x + n = -7. Calculate d(x).
-1
Let i(y) = 18 + 2*y + 1265642*y**2 - 1265643*y**2 + 2*y + 4*y. Give i(6).
30
Suppose -221*d + 17 = -220*d. Let z(a) = -7*a**3 - 9*a**2 + 5*a - 13. Let q(t) = -20*t**3 - 26*t**2 + 14*t - 38. Let o(p) = d*z(p) - 6*q(p). What is o(-3)?
4
Let c(y) = y + 2. Suppose -16*l - 420 = -21*l. Suppose 10*r - 4*r = -l. Let h be c(r). Let j(i) = -i**3 - 12*i**2 - i - 9. Give j(h).
3
Let m(g) = g**3 + 6*g**2 + 8*g + 4. Suppose 2*n + 6 + 8 = 0. Let f(u) = -2*u - 12. Let h be f(n). Suppose -r + 27 = -3*d + h*r, -2*d + r = 14. Give m(d).
-11
Let w = -46 - -79. Suppose 4*y + 3*k + 21 = y, 0 = 5*y + 3*k + w. Let i(v) = -3*v**2 - 2 - 7*v + 2*v**2 + 6. Calculate i(y).
10
Let h(r) = r - 14. Let u(q) be the first derivative of -9*q**2/2 - 27*q + 7. Let o be u(-3). What is h(o)?
-14
Let y(h) = h + 7. Let k be 6/33 - 7/((-231)/(-171)). Let r be (1 + k)/(-4) - -2. What is y(r)?
10
Suppose 0 = 427*z - 432*z + 30. Let s(y) = -14*y + 15. Let m(t) = -26*t + 31. Let l(j) = z*m(j) - 11*s(j). What is l(14)?
-7
Let g(s) = s**2 - 11*s + 9. Suppose -14 = -a - 0. Suppose -185 = -a*l + 9*l. Suppose 5*v - l = -7. What is g(v)?
-21
Let i(b) = b - 1. Let m(z) = -z**2 + 6*z - 4. Let l(p) = 5*i(p) - m(p). Let w(u) = 3*u**3. Let v(d) = 2*l(d) + w(d). Let k = -500 + 498. Determine v(k).
-14
Let f(q) = -473*q + 2368. Let u be f(5). Let t(y) = 13*y**2 + 8*y - 16. What is t(u)?
125
Suppose -1060*g + 1059*g = -3*a - 17, 0 = 2*a - 5*g + 20. Let b(q) = -13*q - 61. What is b(a)?
4
Let f(h) = -21*h**2 + 10*h + 34. Let c(b) = -68*b**2 + 31*b + 101. Let z(t) = -4*c(t) + 13*f(t). Determine z(11).
-17
Let f(m) = m**3 - 7*m**2 + 2*m - 4. Let r(b) = -4*b**3 + 28*b**2 - 6*b + 25. Let z(n) = 9*f(n) + 2*r(n). Calculate z(5).
-6
Let v(z) = -z**3 + 6*z**2 - 4*z - 5. Let w = -26 + 21. Let x(r) = -9*r - 41. Let g be x(w). Suppose -2*j - 7 = g*f - 33, j + 5*f = 25. What is v(j)?
0
Let v(c) be the second derivative of -c**3 + 11*c**2 - 2*c + 77. Calculate v(9).
-32
Let w(j) = 2*j - 1. Suppose 4*p = g + 17, -p + 4*g + 0*g + 23 = 0. Suppose 6*r = -296 + 320. Suppose p = -q - r*l, 0*l = 2*q + l - 8. What is w(q)?
9
Let y(r) = 152*r**2 - 46*r + 114. Let t(s) = -213*s**2 + 69*s - 170. Let b(w) = -5*t(w) - 7*y(w). Calculate b(17).
-50
Let f(g) = 2*g**3 + 127*g**2 - 60*g + 248. Let w be f(-64). Let o(v) = v**3 + 5*v**2 - 23*v + 20. Determine o(w).
12
Let j be 2 - (-3 + 8/(-2)). Suppose -j*q - 8 = -8*q. Let u(s) be the second derivative of s**4/12 + 4*s**3/3 + 4*s**2 + s. Determine u(q).
8
Let o(d) = -d**2 - 3*d - 2. Suppose -6*z = -27 + 3. Suppose z*h - 48 = 2*h. Suppose -4*i + 4*r - h = 0, 4*i = 3*r - 2 - 18. Determine o(i).
0
Let d = -26 - -30. Suppose -4*s + 2*a = -6 + d, -4*a = -3*s + 14. Let t(y) be the second derivative of y**5/20 - y**4/6 + y**3/6 - 27*y. What is t(s)?
-18
Let i(v) = -6*v**2 + 29*v - 11. Let y(w) = w**2 - 17*w. Let f(x) = i(x) + 2*y(x). What is f(-5)?
-86
Let l(t) = -t**2 - 4*t + 115. Let i = 632 + -623. Let x be l(i). Let v(d) = 6*d + 5. Give v(x).
-7
Let b(j) = -33*j - 4. Let n(o) = -15*o - 1. Let r(f) = b(f) - 2*n(f). What is r(7)?
-23
Let p(y) = -2*y + 2*y - 855*y**2 - y**3 + 856*y**2 + 4 - 3*y. Suppose 12*x - 14*x = -5*h + 18, 2*x + 8 = 0. What is p(h)?
-6
Let k = -50 + 50. Suppose 0*a + 2*a - 3*d - 18 = 0, 3*a + 4*d = 44. Let g(c) = -3*c + 0*c + 2*c - a. Give g(k).
-12
Let g(c) = -c**2 + 9*c + 397. Let d be g(-16). Let i(o) = o - 12. Calculate i(d).
-15
Let l(n) = 5*n**3 - 19*n**2 + 16*n + 10. Let p(x) = -6*x**3 + 19*x**2 - 16*x - 5. Let s(t) = -5*l(t) - 4*p(t). Determine s(18).
6
Let o = 10509 - 10509. Let l(f) = f**2 + 2*f + 15. What is l(o)?
15
Suppose 5*z = 2*c + 7, -9 = -4*c + 4*z - 5. Let i(n) = -3 - 2 - 36*n + 2 - n**2 + 43*n. What is i(c)?
9
Let s be 24/80*5*-2. Let c(u) = -49*u - 40. Let k(h) = -15*h - 13. Let y(v) = s*c(v) + 10*k(v). Give y(-8).
14
Let a(t) be the first derivative of -t**4/4 + 7*t**3/3 - 11*t**2/2 + 12*t - 2166. Calculate a(5).
7
Let b(n) = -9*n + 11. Let s be (-6)/(-15) + (-189)/(-15) + -11. Give b(s).
-7
Let y(s) = 3*s**2 + 74*s + 51. Let v be y(-24). Let d be (-100)/(-12) + v/(-9). Let p(j) = j**2 - 6*j - 11. Determine p(d).
5
Let a(k) = 70 + 55 - 106 + 10*k. Give a(-2).
-1
Suppose 5*x - 5*v + 52 = 2, v = -x - 4. Let c be (6/21)/((-1)/x). Let i be (10/4)/(1/c). Let h(y) = -y**3 + 5*y**2 + y. What is h(i)?
5
Let o(r) = r**2 - 7*r + 9. Suppose -3*k - 4*y - 18 = 0, 3*k - y = k - 1. Let w(v) = 3*v**2 + 3*v - 2. Let d be w(k). Suppose -d*c + 10 = -14. Calculate o(c).
3
Let v(o) = -o**2 + 16*o + 24. Let p be v(17). Let i(d) = -6*d**2 + 8 + 16*d**2 + p - 9*d**2 - 8*d. Calculate i(6).
3
Suppose 0*p + 2*y = p + 4, -4*y + 4 = 0. Let f(j) = 1. Suppose 0*q = 5*q - 5. Let g(u) = -5*u + 2. Let b(r) = q*g(r) - 5*f(r). Give b(p).
7
Let j(r) = -r**3 + 13*r**2 - 2*r + 38. Let i be j(13). Let q(g) = -2*g**3 - 9*g**3 + i*g**3 - 1 - 3*g. Give q(-3).
-19
